remainder when v is divided by 6?
0
Let g(m) = 2*m - 60. Let s be g(32). Calculate the remainder when 2*(-1 + 35/2 + s) is divided by 6.
5
Let v(z) = 2*z**2 + 2*z - 5. Let m be v(2). Suppose -60 = -13*s + m*s. What is the remainder when 39 is divided by s?
9
Let d(y) be the third derivative of y**5/60 - y**4/8 + 5*y**3/3 - 62*y**2. What is the remainder when 34 is divided by d(3)?
4
Let p(s) be the third derivative of 5/12*s**5 + 0*s - 1/24*s**4 + 0*s**3 - 21*s**2 + 0. Calculate the remainder when p(2) is divided by 27.
17
Let j be (20/(-3)*15)/(6 - 8). Calculate the remainder when 54 is divided by j/(-225) - (148/(-18))/1.
6
Suppose -5*n + 282 + 108 = 0. Suppose 0*f = -3*f + 6. Suppose -3*t = 2*i - 42, 2*i = f*t + t + 66. What is the remainder when n is divided by i?
24
Let r be ((-3)/3)/((-5)/165). Suppose 24*l = r + 111. What is the remainder when l is divided by 4?
2
Suppose 0 = -5*x + 6*x - 18. Calculate the remainder when x is divided by 490/54 + (-948)/12798.
0
Suppose 4*j - 36 - 39 = -5*x, 43 = 2*x - j. What is the remainder when 30 is divided by 18/4*(-15 + x)?
12
Suppose -60 = 2*k - 12. Let q be (84/16)/(-7)*k/9. Suppose -t - q + 32 = 0. What is the remainder when 117 is divided by t?
27
Let f be (5 - 188/36) + 1976/(-18). Let j = -77 - f. Suppose -6*s = -9*s + 27. Calculate the remainder when j is divided by s.
6
Let u(r) = 77*r**3 - 2*r**2 + 2*r - 3. Let o(c) = c**2 + 6*c - 4. What is the remainder when u(2) is divided by o(-11)?
48
Suppose 6 = k - 3*k, 0 = 4*s - 3*k - 221. Let q = 53 - s. Suppose q*r + 5*r = 75. Calculate the remainder when 52 is divided by r.
7
Calculate the remainder when 111 is divided by ((-132)/(-15) - -2)/(532/2660).
3
Let o = -16 + 28. Suppose -137*t = -100*t + 167*t - 12852. Calculate the remainder when t is divided by o.
3
Let g(j) be the first derivative of 37*j**2/2 - 61*j - 164. What is the remainder when g(5) is divided by 25?
24
Suppose 5*j = -5*s + 240, 3*j - 140 = -24*s + 20*s. Let z(c) = -c**3 + 6*c**2 + 8*c + 2. What is the remainder when j is divided by z(7)?
7
Calculate the remainder when 1224 is divided by ((-115)/345)/(1/(-147)).
48
What is the remainder when 131 is divided by 22 - (-5)/(-20)*30*(-6)/(-9)?
12
Suppose -2*l + 245 = -4*j - 191, 3*l - 2*j - 658 = 0. Suppose l*g - 214*g = 90. Calculate the remainder when 343 is divided by g.
13
Suppose -9 = 2*t - 9*l - 160, 5*l = t - 77. What is the remainder when 6196 is divided by t?
58
Suppose 6*h = -3*c + 2*h + 951, 0 = -2*c + h + 623. What is the remainder when c is divided by 2?
1
Suppose -1 - 1 = d. Let x(z) = -z**2 - 75*z + 511. Let w be x(-91). Calculate the remainder when 32 is divided by 1*d/8 - w/180.
2
Suppose 0 = 52*x - 1383 - 531 - 166. Calculate the remainder when 2392 is divided by x.
32
Suppose 5 = 2*p - 3. Suppose -u = -6*u + p*u. What is the remainder when 17 is divided by -1*(u + -13)*1?
4
Suppose -5*b + 18232 = 4*v, 57*v - 58*v - 18267 = -5*b. Calculate the remainder when b is divided by 6.
4
Let v = -39 - 20. Let z be (-2 - -1)/((-23)/2208). Let i = v + z. What is the remainder when i is divided by 21?
16
Suppose -5*l + 3*c + 0*c + 1089 = 0, 15 = -5*c. Suppose p - 2*p = 134. Let d = p + l. Calculate the remainder when d is divided by 28.
26
Suppose g + 1 = 2, g = 2*b - 23. Suppose -4*y + f + 171 = 0, -51 - 78 = -3*y + f. Suppose 2*s + y = 132. What is the remainder when s is divided by b?
9
Suppose 5 = -x, 195*y - 199*y - 5*x + 51 = 0. Calculate the remainder when 797 is divided by y.
18
Suppose 1642 - 10170 = -26*x. Calculate the remainder when x is divided by 6.
4
Let w be (0 - -14)/((24/130)/(-6)). What is the remainder when 159 is divided by 6/(-9) - (1 - w/(-21))?
19
Suppose 109*p - 11826 = 82*p. Calculate the remainder when p is divided by 389.
49
Let g(w) = -10 - 103*w + 8*w**2 + 90*w + 28. Calculate the remainder when g(6) is divided by 10.
8
Suppose -8*n - 38 = -22. Let s(a) = 2*a + 7. What is the remainder when 50 is divided by s(n)?
2
Let a(x) = -x**3 - 88*x**2 - 91*x - 324. What is the remainder when 5421 is divided by a(-87)?
21
Suppose -5*p + 5*d = -510, 2*d = -p + 1 + 86. Let u = 152 - p. Calculate the remainder when u is divided by 30.
25
Let f be (-4)/(-6)*30/2. Suppose -f = 2*o - 26. Suppose -o*j + 276 = -436. Calculate the remainder when j is divided by 30.
29
Let f be ((-10)/(-3))/((-14)/(-63)). Suppose 3*s + f = -9. What is the remainder when 65 is divided by 136/(s/2)*-1?
31
Let u(n) = -18*n**2 - 138*n + 27. What is the remainder when 264 is divided by u(-7)?
42
Let j be (7 - (-423)/(-33)) + 2/(-11). Calculate the remainder when ((-4)/j)/(-9 + (-2404)/(-267)) is divided by 20.
18
Suppose -750*f + 2226 = -736*f. What is the remainder when 798 is divided by f?
3
Suppose 3*l = -h + 147, -2*l = h + h - 310. Suppose 2*k = -y - 155, 2*k = -2*y - 3*y - h. Let g = k - -129. What is the remainder when 100 is divided by g?
48
Suppose -3*y + 56*y - 3593 - 1124 = 0. Suppose -4*g + 6*g - 26 = 0. What is the remainder when y is divided by g?
11
Suppose u - 4*b + 222 = 2*u, 2*b = 3*u - 708. Let g = u - 60. What is the remainder when g is divided by 44?
42
Let m(b) = -2*b + 128. Let r be m(54). Suppose r*s - 3*q = 17*s + 39, s = 3*q + 11. What is the remainder when 417 is divided by s?
11
Suppose 2*o - 2*j = 4*o + 12, -5*o + 2*j + 5 = 0. Let a be (7 + 3)/o - 2. Calculate the remainder when 14 is divided by a/42 + 65/7.
5
Calculate the remainder when 943 - 6/30*0 is divided by 85.
8
Let h(m) = 271*m**3 + 3*m**2 + 15*m - 18. What is the remainder when 1030 is divided by h(1)?
217
Suppose 25 = 7*u - 6*u. Suppose u = 6*s - s. Let z = 974 + -961. What is the remainder when z is divided by s?
3
Let q(z) = 7*z**2 + 20*z - 21. Let o(h) = -19*h**2 - 60*h + 64. Let g(m) = -4*o(m) - 11*q(m). Calculate the remainder when 116 is divided by g(16).
38
Suppose -p - 63 + 48 + 40 = 0. Calculate the remainder when 68 is divided by p.
18
Let r(z) be the first derivative of 2*z**3/3 - 2*z**2 + 4*z - 50. Calculate the remainder when 27 is divided by r(-2).
7
Let o = 644 - 645. Let p(x) = -3 + 2 + 3 + 156*x**2 + 4*x. What is the remainder when p(o) is divided by 26?
24
Suppose -4*g - 32*q + 124 = -30*q, 5*g - 3*q = 155. Let m = -6 + 25. Calculate the remainder when g is divided by m.
12
Let c(z) = -8*z - 47. Let t be c(-6). What is the remainder when t*(2 - 62/5)*-10 is divided by 12?
8
Let g = 4617 - 3338. What is the remainder when g is divided by 64?
63
Suppose 3*w - 87 - 92 = 2*v, -4*v + 83 = w. Calculate the remainder when 991 is divided by w.
46
Let t(z) = z**3 + 2*z**2 - 343*z + 103. What is the remainder when t(18) is divided by 43?
22
Suppose 7*v - 2*v - 8159 = 4*f, -6*v + f = -9787. Suppose 408*u = 415*u - v. Calculate the remainder when u is divided by 26.
25
Let n(j) = -24*j - 16. Suppose -b = 3 - 5. Let o be n(b). Let a = -10 - o. What is the remainder when a is divided by 28?
26
Let h(p) = 3*p**3 + 15*p - 4 - 2*p**3 + 15*p**2 - 3. Suppose 5*t = -20, -3022*t = 2*j - 3021*t + 30. What is the remainder when h(j) is divided by 23?
21
Suppose 135*h - 665034 = -131784. Calculate the remainder when h is divided by 52.
50
Suppose 4*v + 2211 = -8*d + 9*d, d + 3*v - 2232 = 0. Suppose 8*g + 527 = d. Calculate the remainder when g is divided by 74.
64
Suppose -153941*t - 9746 = -153963*t. Calculate the remainder when t is divided by 109.
7
Suppose 0 = 475*d - 484*d + 657. Let n = 89 - d. Suppose 4*m - 5*k = 258, -5*m = -k + 5*k - 302. What is the remainder when m is divided by n?
14
Let d = -273 + 262. Let g(a) = -25*a - 226. Let t(r) = -r**3 - 6*r**2 + 6*r + 10. Calculate the remainder when g(d) is divided by t(-7).
15
Suppose 3*a + q = 115 + 3, 5*q = -a + 58. Suppose -7*o + 127 - 8 = 0. What is the remainder when a is divided by o?
4
Let n = 5425 - 3692. Calculate the remainder when n is divided by 145.
138
Let d = 11693 + -10946. What is the remainder when d is divided by 39?
6
Suppose -278*r = -279*r + 23. Suppose 0 = -3*g + 2*g - 2*k - 1, k + r = 2*g. What is the remainder when 25 is divided by g?
7
Let q be (10/(-2) + -3)/((-4)/(-86)). Let y = q - -190. Calculate the remainder when 69 is divided by y.
15
Let h(v) = -v**2 - 7*v - 3. Let w be h(-6). Suppose 0 = -w*u + 22 + 35. Suppose 3*s - r - u = 19, -s = -r - 10. What is the re